vided by u(p)?
8
Let l(v) = 15*v + 49. Suppose 0*d = -2*u + 5*d + 39, 0 = -4*d + 4. What is the remainder when l(4) is divided by u?
21
Suppose -4*k = 5*d - 252, 52 = d - k - 2. Suppose -j + d = -11. Calculate the remainder when j is divided by 4.
3
Suppose 2*u = 150 - 46. Let p = -15 + 69. Suppose 2*k - 2*f - p = 0, -4*k + 108 = 3*f - f. What is the remainder when u is divided by k?
25
Suppose 47*z - 44*z - 120 = 0. Calculate the remainder when z is divided by 11.
7
Suppose 0 = -w - w - 88. Let d = w + 58. Calculate the remainder when 67 is divided by d.
11
Let n = 50 - 41. Calculate the remainder when 63 is divided by ((-3)/n)/(4/36) + 19.
15
Let f(r) = r**2 - 7*r + 75. What is the remainder when f(16) is divided by 16?
11
Calculate the remainder when ((900/(-63))/(-10))/(2/7) is divided by ((-2)/(-4) - 0)*4.
1
Let i(b) = b**2 - 34*b - 95. What is the remainder when i(40) is divided by 49?
47
Calculate the remainder when 134 is divided by (-27)/36 + (-411)/(-4).
32
Suppose -381 = 9*r - 543. What is the remainder when 86 is divided by r?
14
Let z(w) = 25*w - 312. Calculate the remainder when 4/18 - (-824)/18 is divided by z(13).
7
Suppose 11*o - 270 = -19*o. What is the remainder when 37 is divided by o?
1
Let u = -20 - 6. Let g = u - -43. What is the remainder when 32 is divided by g?
15
Suppose -b + 4*b - 162 = 0. What is the remainder when (1 - 1) + (1 + (7 - 6))*106 is divided by b?
50
Suppose -4*t + 5*k = -330, 5*k = 10*t - 8*t - 170. What is the remainder when t is divided by 71?
9
What is the remainder when 9 is divided by -1 - 9/(-3) - (-9 + 5)?
3
Suppose -2*p = 4*c - 211 + 119, 0 = -5*p + 3*c + 295. What is the remainder when p is divided by 21?
14
Suppose 100 + 161 = 3*d. What is the remainder when d is divided by 45?
42
Calculate the remainder when (2 + 1)*274/6 is divided by 18.
11
What is the remainder when -6 + (-21)/(231/(-1496)) is divided by 75?
55
Suppose 35 = -8*t + 11. Calculate the remainder when 14 is divided by ((-8)/(-6))/(t/(-9)).
2
Suppose -3*j - 2*s + 188 = 0, -2*j + 6*s + 152 = 2*s. Calculate the remainder when 127 is divided by j.
61
Suppose -17*p - 1859 = 2493. Let k = p + 271. Suppose 5*b - 44 - 251 = 0. Calculate the remainder when b is divided by k.
14
Let i = -1312 - -1898. What is the remainder when i is divided by 19?
16
Let x(j) = -j**3 + 6*j**2 + 3. Let l = -1 - -7. Let d be x(l). What is the remainder when 9*d + 1 + -5 is divided by 13?
10
Let k(j) = 3*j**3 - j**2 - j + 1. Let h be (-1)/((-2)/(-20)) - 2. What is the remainder when k(2) is divided by -1 + (0 - 1 - h)?
9
Suppose -3*m + 2*s + 29 = 0, -3*m - 2*s + 10 = -3. What is the remainder when m is divided by 5?
2
Let q = -1 + 5. Suppose -q*h + 4*p + 8 = 0, h = 2*h - 3*p. Suppose 2*o + 175 = 5*s, 0*s - 48 = -s + h*o. What is the remainder when s is divided by 7?
5
Suppose -3*v = -5*l + 15, 2*v = 2*l - 0*l - 6. Suppose v = y - 3*y + 22. Let o = -138 + 179. Calculate the remainder when o is divided by y.
8
Let i(s) = s**2 - 17*s - 122. What is the remainder when 143 is divided by i(-6)?
15
Let f = 11 + 81. Let t = 36 - f. Let x = t + 81. Calculate the remainder when x is divided by 13.
12
Suppose -f + 4*h = 3, -24 = f - 5*f + 4*h. Calculate the remainder when 168 is divided by f.
6
Let r be ((-5)/(-5))/(0 - -1). Calculate the remainder when 35 is divided by (207/(-46))/(r/(-2)).
8
Let g(n) = -2*n + 68. Calculate the remainder when 78 is divided by g(3).
16
Suppose 0 = -2*p - 5*d - 1, p - 2*d = -7*d - 13. Calculate the remainder when 12 is divided by (0 + 5 + -2)*44/p.
1
Suppose 0 = -p - 18 + 52. Suppose -p*t = -37*t + 279. Suppose -48 = -4*n - 3*u + t, 2*n - 2*u = 60. What is the remainder when n is divided by 17?
16
Suppose -n + 4*n - 4*r = 1342, r - 891 = -2*n. What is the remainder when n is divided by 112?
110
Calculate the remainder when 3/2*2688/56 is divided by 25.
22
Suppose 3*i - 51 = 9. Suppose -h - 3*h = -5*z + i, -4*z + 4*h = -16. Let o(c) = -c**2 + 4*c + 2. What is the remainder when 4 is divided by o(z)?
0
Let t(n) = -n**2 + 6*n + 19. Let i be t(8). Suppose -4*r = -r - i. Calculate the remainder when ((-2)/(-14))/(5/((-35)/(-1))) is divided by r.
0
Let p = 32 - 2. What is the remainder when (20/(-24) - (-4)/24)*-177 is divided by p?
28
Suppose -3*q = -5*q - 3*b + 1, 0 = q - 5*b - 20. Suppose 0 = q*p + 2*s - 74, -3*s + 2 + 5 = p. Calculate the remainder when 25 is divided by p.
9
Suppose 615 = 11*f - 1431. What is the remainder when f is divided by 21?
18
Suppose l = 15 - 8. Calculate the remainder when 33 is divided by l.
5
Suppose 0*j = -5*t - 4*j + 121, 22 = 2*t - 5*j. Let n = t - 17. Let x = 8 - n. What is the remainder when 7 is divided by x?
3
Let j = 988 - 622. What is the remainder when j is divided by 16?
14
Suppose 7*l - 6*l = -2*h + 14, -5*l = 20. Calculate the remainder when 42 is divided by h.
6
What is the remainder when (-770)/(-40) + 1/(-4) - 0 is divided by 9?
1
Let h(a) = 6*a. Let f(s) = s - 1. Let c(u) = -2*f(u) - h(u). Suppose 0 = 51*p - 54*p + 54. Calculate the remainder when c(-4) is divided by p.
16
Suppose -4*o + 71 = c, 3*c - 5*o - 79 = 117. Calculate the remainder when 334 is divided by c.
66
Let y(q) = -q**2 - 8*q + 5. Let r be ((-5)/20 - (-10)/(-8))*4. What is the remainder when 81 is divided by y(r)?
13
Let c(o) = 0 + 4*o + 2*o**2 - 2 - 7. Suppose -13*r + 7 = -12*r. Calculate the remainder when c(r) is divided by 40.
37
Let k = 46 - 41. Suppose -k*l + 5*x + 170 = 0, -4*x - 46 = 4*l - 182. What is the remainder when l is divided by 7?
6
Let a(v) = -7*v**2 + v + 6. Let g(n) = -8*n**2 + n + 6. Let o(r) = -4*a(r) + 3*g(r). What is the remainder when o(-4) is divided by 18?
8
Suppose 4 = -4*n + x + 24, x = n - 2. What is the remainder when 27 is divided by n?
3
Suppose -5*v + 83 = 8. Let d = -7437 + 7496. Calculate the remainder when d is divided by v.
14
Suppose -5*c + 7 = -3. Suppose -s = -3 + c. What is the remainder when s is divided by 1?
0
Suppose 6882 = 57*d + 17*d. Calculate the remainder when 210 is divided by d.
24
Suppose 26*p - 81 - 647 = 0. Suppose 2 = 2*i - 6. Calculate the remainder when p is divided by -6*((-14)/i - -1).
13
Suppose 5*d - 1 + 2 = n, -5*n - 15 = -5*d. Suppose 3*a + 9 = 3*q, -2*q + 0*q = -4*a - 18. What is the remainder when 440/12 - n/a is divided by 13?
10
Let c(z) = z**3 - 9*z**2 + 4*z - 8. Let l be c(9). Suppose 31*o - l*o = 147. Calculate the remainder when o is divided by 18.
13
Let f be -4 + 0 + (18 - -2). Suppose -3*u = -53 - 4. Suppose -f*a - 39 = -u*a. Calculate the remainder when 50 is divided by a.
11
Let p be (-3)/(-2) + (-2)/4. Let v(u) = u**3 - 4*u**2 - 2. Let w be v(4). What is the remainder when (56/w)/(p/(-1)) is divided by 15?
13
Let u(f) = -f**2 + 9*f - 1. Suppose -16*m = -232 + 56. What is the remainder when u(6) is divided by m?
6
Suppose 5*k - k - 165 = -3*m, 3*k - 111 = 2*m. Calculate the remainder when 311 is divided by k.
38
Let n(r) = r**3 + 7*r**2 - 10*r - 7. Let l be ((-7)/14)/(3/48). Suppose -2*b = 4*u + 10, 4*b + 1 = -u + 9. What is the remainder when n(l) is divided by b?
0
Let o = 75 + -50. Calculate the remainder when 60 is divided by o.
10
Suppose -6*w + 545 = 317. What is the remainder when w is divided by 24?
14
Let d(u) = u**3 + 3*u**2 + 6*u + 19. Let s be d(-4). Let h(a) = -a - 15. Calculate the remainder when 11 is divided by h(s).
5
Let k = 0 - -7. Let f(z) = z**3 - 4*z**2 + 4*z - 16. Let j be f(4). Calculate the remainder when 30/(-4)*(126/(-35) - j) is divided by k.
6
Suppose -z = -0*z - 85. Calculate the remainder when z is divided by 44.
41
Let a = -550 - -727. What is the remainder when a is divided by (0/(-3))/1 + 45?
42
Calculate the remainder when 134 is divided by (-3 - 110/(-30))*9.
2
Let l(r) = -18*r. Suppose 3*k = k + 4. Suppose -24 - k = -2*v. What is the remainder when l(-2) is divided by v?
10
Suppose 5*v - 136 = -c - 3*c, 84 = 3*v + 3*c. Calculate the remainder when 47 is divided by v.
23
Suppose -2879 = 30*a - 17699. What is the remainder when a is divided by 33?
32
Suppose 5*l - l - 20 = 0. Suppose -r + 0 - 80 = -l*k, 2*r - 10 = 0. Suppose -4*b - k = -81. What is the remainder when 30 is divided by b?
14
Suppose -5*k = -4*x + 2494, -4*x - 12*k = -7*k - 2474. What is the remainder when x is divided by 52?
49
Let g(y) = -y**3 -